0 - ((-7)/(-2) + (-11)/22) is divided by 8.
7
Let m = -44 + 62. What is the remainder when 178 is divided by m?
16
Suppose 36 + 192 = z. What is the remainder when z is divided by 23?
21
Let c = 719 - 203. What is the remainder when c is divided by 14?
12
Let s(m) = -22*m + 202. What is the remainder when 357 is divided by s(6)?
7
Let x be (-2 + (-46)/(-3))*(-9 - -12). Let a = 53 - x. What is the remainder when 63 is divided by a?
11
Let z(x) be the third derivative of x**6/120 + 7*x**5/60 + x**4/8 - 4*x**3/3 + 6*x**2. Calculate the remainder when 13 is divided by z(-6).
3
Suppose -3*f = 4*o - 727, 0 = -10*o + 5*o + 2*f + 880. Let y = -117 + o. What is the remainder when y is divided by 23?
15
Let d(r) = 3*r**2 + 3*r + 1. Let x be d(-2). Suppose o - 232 = -x*o. What is the remainder when o is divided by 15?
14
Let s = -79 + 89. Let u = 4 - -6. Calculate the remainder when (-226)/(-4) - u/(-20) is divided by s.
7
Suppose 0 = -42*r - 1192 + 5560. What is the remainder when r is divided by 27?
23
Suppose 0 = 17*r - 12*r - 280. Calculate the remainder when r is divided by 18.
2
Let x(i) = 8*i + 137. Calculate the remainder when 151 is divided by x(-15).
15
Let n(h) be the third derivative of -h**6/120 + 7*h**5/60 + 7*h**4/24 - 13*h**3/6 - 6*h**2. What is the remainder when n(7) is divided by 13?
10
Suppose -5*g = -3*g + 8, 3*g + 57 = s. Calculate the remainder when s is divided by (-82)/(-5) + (-2)/5.
13
Suppose -30 = -o - 2*j, -o - 3*o + 117 = 5*j. Suppose -o = 5*w - 443. What is the remainder when w is divided by 28?
27
Let v(a) = -a + 162*a**2 - 162*a**2 - 72*a**3. What is the remainder when v(-1) is divided by 2 + 15 - -1 - -1?
16
Suppose 3*d = -q + 3*q + 2, 4*d = -3*q + 14. Suppose 2*t + q*y - 20 = -y, -2*t = -5*y - 52. Calculate the remainder when 159 is divided by t.
15
Suppose 5*k + 15 = h, -k - 98 = -h - 3*h. Let s(z) = 5*z**2 + 4*z - 5. Let u be s(-8). Suppose j - u = -236. Calculate the remainder when j is divided by h.
22
Let c = 113 + -14. Suppose -1 = 11*p - 199. Let h = p - -7. What is the remainder when c is divided by h?
24
Suppose -5 = -4*g + 3*f, -g - 3*f + 20 = -0*g. Suppose 4*m - 44 = 3*b, 2*b = g*m - 7 - 41. What is the remainder when 31 is divided by m?
7
Let a = 680 + -581. Calculate the remainder when a is divided by 40.
19
Suppose 0 = -2*j + 4*m + 10, 4*j - 6 = -5*m + 14. Suppose j*l - 30 = 35. Let v(g) = -8*g + 2. What is the remainder when v(-6) is divided by l?
11
What is the remainder when 82 is divided by 56/5*(-135)/(-54)?
26
Let v(i) = -11*i + 13. Let t(a) = 5*a - 7. Let b(z) = -13*t(z) - 6*v(z). What is the remainder when 40 is divided by b(-6)?
5
Suppose 1157 = -9*f + 7214. What is the remainder when f is divided by 136?
129
Let g = -24 - -96. Suppose -5*l = -2*v + 63, -8*v + 235 = -3*v + 3*l. Let n = v - 19. What is the remainder when g is divided by n?
22
Let w(l) = 12*l - 29. Let q be w(17). Suppose 0 = -0*n + 5*n - q. Calculate the remainder when n is divided by 13.
9
Suppose 0 = -g - 0*g - 5. Suppose 0 = -3*y + 6*y - 66. Calculate the remainder when y is divided by (6/g)/((-6)/40).
6
Let q be (-1)/(51/(-25) - -2). Suppose -5 = t + 9. Let r = q + t. What is the remainder when 31 is divided by r?
9
What is the remainder when 155/25 + (-3)/15 is divided by 4?
2
Suppose k = -4*p + 3*k + 2, 4*p - 1 = k. Suppose -4*n - f + 73 = p, 4*f = -2*n - f + 23. What is the remainder when 188 is divided by n?
17
Suppose -2*t = -31 + 1. Calculate the remainder when 36 is divided by t + ((-4)/4 - 0).
8
Suppose 0 = 2*t - 2*s - 22 - 10, -5*s = -4*t + 62. What is the remainder when 31 is divided by t?
13
Let n be (-12)/(-84) + 26/14. Suppose 0 = -n*z + 3*z + 5. Let k = 17 + z. Calculate the remainder when 45 is divided by k.
9
Let m(t) = -t**3 + 4*t**2 + 6*t + 6. Suppose -2*y + 0*y - 22 = -4*x, 2*x - 2*y = 12. Suppose -4*c + 69 = -15. What is the remainder when c is divided by m(x)?
10
Suppose -2*t = -2*g + 166, 2*g - 3*t = -2*g + 329. Calculate the remainder when g is divided by 17.
12
Let q = -105 - -241. Calculate the remainder when q is divided by 72.
64
Let h(z) = -4*z**2 + 3*z - 4. Let r(d) = -3*d**2 + 3*d - 4. Let t(v) = -5*h(v) + 6*r(v). Calculate the remainder when 43 is divided by t(-4).
11
Suppose -5378 = -14*b - 1962. Calculate the remainder when b is divided by 127.
117
Suppose -m + 2*q = -27, -2*q + 3*q = 2*m - 60. What is the remainder when 199 is divided by m?
13
Let n(f) = -36*f - 57. Calculate the remainder when 224 is divided by n(-2).
14
Suppose 3*z - t + 19 = 0, 4*z = -0*z - 3*t - 47. Let f = 8 - z. What is the remainder when 62 is divided by f?
14
Let a(y) = -259*y**3 + 3*y**2 - y - 3. What is the remainder when a(-1) is divided by 89?
82
Let g = 1317 - 1122. Calculate the remainder when g is divided by 50.
45
Let r(n) = n**3 + 9*n**2 + 7*n + 3. Let c be r(-3). Suppose 0 = -2*y - 2*y + c. What is the remainder when 60 is divided by y?
6
Let b(q) = q**3 - 4*q**2 - 18*q - 4. What is the remainder when 284 is divided by b(8)?
68
Let i(d) = 36*d + 2. Let m be i(0). Let g(y) = 5*y**3 - 2*y - 1 - 4*y**2 - 4*y**3 + 7*y. What is the remainder when 2 is divided by g(m)?
0
Let w = 68 + -15. What is the remainder when w is divided by 20?
13
Suppose -5*b + 3*b + 18 = 5*r, -4*b + 5*r + 36 = 0. Suppose 390 = d + b*d. What is the remainder when d is divided by 4?
3
Suppose -9*b + 500 = -6*b - 4*k, b + k - 162 = 0. What is the remainder when b is divided by 21?
17
Suppose -9*x - 59 = -518. Suppose 46 = 3*q + 2*r, 5*r - x = -3*q + 2*r. Calculate the remainder when 141 is divided by q.
9
Suppose a = 3*u - 6 - 19, 0 = a - 5*u + 31. Let b(o) = o + 34. Let r = -12 + 17. Calculate the remainder when b(a) is divided by r.
3
Let y = -179 - -210. What is the remainder when y is divided by 6?
1
Let h(d) = 2*d**2 + d. Let y be h(3). Let n = y - 36. Calculate the remainder when (2 + 0)*-1 - n is divided by 8.
5
Let x(m) = 30*m - 8. Let j be (-2)/((-12)/3) + (-2)/(-4). Calculate the remainder when x(j) is divided by 6.
4
Suppose v - 4*v = 4*h - 77, 0 = v + 5*h - 33. What is the remainder when 28 is divided by v?
5
Let v(b) = 2*b**2 + 31*b + 1. Calculate the remainder when v(-22) is divided by 58.
55
Let x = 79 + -29. Let j = -40 - -45. Suppose -j*g = -0*g - x. What is the remainder when g is divided by 4?
2
Let a(m) = 59*m - 172. What is the remainder when 184 is divided by a(4)?
56
Suppose 0 = 5*d - 23 - 57. Let k be (d/(-14))/(2/(-7)). Suppose -k*w + 49 = 5. What is the remainder when 32 is divided by w?
10
Let y(a) = 6*a + 12. Let b(u) = -u**3 + 4*u**2 - 2*u - 1. Let i be b(3). Suppose -7*x + 25 = -i*x. Calculate the remainder when y(x) is divided by 11.
9
Suppose -451 - 659 = -4*c + l, 0 = -c + 4*l + 285. Suppose -y = h + 3*h - c, 267 = 4*h - y. What is the remainder when h is divided by 46/1*1/2?
22
Let h(p) = -p**3 + 5*p**2 - 5*p + 6. Calculate the remainder when 8*(-3)/(-2) + -2 - 1 is divided by h(4).
1
Let r be 334/(-7) - (-18)/(-63). Let m = r + 52. What is the remainder when -1 - (8*1)/(-1) is divided by m?
3
Suppose 3*k - 3824 = -5*l, -5*l - 5052 = 74*k - 78*k. What is the remainder when k is divided by 31?
28
Suppose -4*t = -60 - 52. Calculate the remainder when t + -8 - (-1 - 2) is divided by 13.
10
Let q(f) be the third derivative of f**5/60 + 13*f**4/24 - 31*f**3/6 - 5*f**2. What is the remainder when q(-18) is divided by 15?
14
Let r = 13 + -12. What is the remainder when (2 - r)/((-29)/(-2987)) is divided by 21?
19
Let z(l) = -l**2 + 4*l + 2. Let x be z(-4). Suppose 2*h - 5 = 9. Calculate the remainder when h is divided by ((4/(-4))/2)/(3/x).
2
Let p be (4/4 - -52)/1. Let j = -31 + p. What is the remainder when j is divided by 14?
8
Let y(g) = -4*g + 8. Let d(s) be the second derivative of -s**3/6 - 19*s**2/2 + 6*s. Let i be d(-12). What is the remainder when y(i) is divided by 13?
10
Suppose 28*b - 34*b + 114 = 0. What is the remainder when b is divided by 5?
4
Suppose 0 = -28*v + 78*v - 5750. What is the remainder when 2182 is divided by v?
112
Suppose 37*j = 2*j + 2030. What is the remainder when 173 is divided by j?
57
Calculate the remainder when (35 - 41) + 5*123 is divided by 102.
99
Let a = -532 - -542. What is the remainder when 3*2/(4/26) is divided by a?
9
Suppose -j = 2*j + 3*k - 84, 5*k = -3*j + 80. S